{"id":542,"date":"2017-07-11T17:43:04","date_gmt":"2017-07-11T17:43:04","guid":{"rendered":"http:\/\/www.aztlan.org.ar\/cursosonline\/?page_id=542"},"modified":"2022-11-28T23:35:15","modified_gmt":"2022-11-29T02:35:15","slug":"la-interpretacion-de-los-suenos","status":"publish","type":"page","link":"https:\/\/www.aztlan.org.ar\/cursosonline\/la-interpretacion-de-los-suenos\/","title":{"rendered":"La Interpretaci\u00f3n de los Sue\u00f1os"},"content":{"rendered":"<div id=\"pl-542\"  class=\"panel-layout\" ><div id=\"pg-542-0\"  class=\"panel-grid panel-has-style\" ><div class=\"panel-row-style panel-row-style-for-542-0\" ><div id=\"pgc-542-0-0\"  class=\"panel-grid-cell\" ><div id=\"panel-542-0-0-0\" class=\"so-panel widget panel-first-child\" data-index=\"0\" ><\/div><div id=\"panel-542-0-0-1\" class=\"so-panel widget\" data-index=\"1\" ><\/div><div id=\"panel-542-0-0-2\" class=\"so-panel widget widget_text panel-last-child\" data-index=\"2\" >\t\t\t<div class=\"textwidget\"><div>\n<h3>\u00bfCu\u00e1l es la modalidad de los cursos?<\/h3>\n<p>Los cursos de\u00a0Interpretaci\u00f3n de los Sue\u00f1os a distancia constan de 8 Clases en video. Cada clase dura 50min. aproximadamente.<\/p>\n<\/div>\n<div>\n<h3>\u00bfC\u00f3mo recibo las clases?<\/h3>\n<p>&#8211; Una vez contratado el curso dentro de las 24 hs. recibir\u00e1 en su tel\u00e9fono o por e-mail usuario y contrase\u00f1a para acceder a la 1\u00b0 clase.<br \/>\n&#8211; La entrega de clases ser\u00e1 semanal. Cada 7 d\u00edas recibir\u00e1 y podr\u00e1 ver la siguiente clase.<br \/>\n&#8211; No se adelantar\u00e1n clases, entreg\u00e1ndose s\u00f3lo 1 clase semanal.<\/p>\n<\/div>\n<div>\n<h3>\u00bfC\u00f3mo es la relaci\u00f3n con el profesor tutor?<\/h3>\n<p>Se contactar\u00e1 v\u00eda e-mail con el profesor a cargo del curso, quien ser\u00e1 su profesor tutor y personalmente responder\u00e1 sus dudas.<\/p>\n<h3>\u00bfCu\u00e1l es el valor del curso?<\/h3>\n<p>&#8211; Valor por cada M\u00f3dulo de 4 clases (1 mes) U$D 150 d\u00f3lares. Abonando los 2 meses por adelantado.<br \/>\n&#8211; Valor por cada M\u00f3dulo sin descuento: U$D 190 d\u00f3lares.<\/p>\n<p>&#8211; Valor por los 2 niveles: U$D 380 d\u00f3lares<br \/>\n&#8211; Valor por los 2 niveles con descuento: U$D 300 d\u00f3lares (U$D 80 de descuento).<\/p>\n<\/div>\n<div>\n<h3>\u00bfCu\u00e1les son los medio de pago disponibles?<\/h3>\n<ul>\n<li>Transferencia bancaria<\/li>\n<li>Dep\u00f3sito bancario<\/li>\n<li>Western Union<\/li>\n<li>Mercado Pago<\/li>\n<li>PayPal<\/li>\n<\/ul>\n<\/div>\n<h2><\/h2>\n<h2>Programa<\/h2>\n<ul>\n<li>Qu\u00e9 son los Sue\u00f1os. Clasificaci\u00f3n<\/li>\n<li>Los Sue\u00f1os en los Mitos<\/li>\n<li>Los Sue\u00f1os en las Religiones<\/li>\n<li>Los Sue\u00f1os en el Antiguo Testamento<\/li>\n<li>Los Sue\u00f1os en la Cl\u00ednica Freudiana<\/li>\n<li>Los Sue\u00f1os en la cl\u00ednica de Carl G. Jung<\/li>\n<li>Hacia una perspectiva Junguiana del Sue\u00f1o<\/li>\n<li>\u00bfC\u00f3mo se producen los Sue\u00f1os?<\/li>\n<li>\u00bfCu\u00e1l es la funci\u00f3n del sue\u00f1o?<\/li>\n<li>La funci\u00f3n compensatoria y complementaria de lo Inconsciente<\/li>\n<li>El Mensaje de los Sue\u00f1os<\/li>\n<li>La importancia del Sue\u00f1o para recuperar el sentido en nuestras vidas<\/li>\n<\/ul>\n<\/div>\n\t\t<\/div><\/div><\/div><\/div><div id=\"pg-542-1\"  class=\"panel-grid panel-has-style\" ><div class=\"panel-row-style panel-row-style-for-542-1\" ><div id=\"pgc-542-1-0\"  class=\"panel-grid-cell\" ><div id=\"panel-542-1-0-0\" class=\"so-panel widget panel-first-child panel-last-child\" data-index=\"3\" ><div class=\"panel-widget-style panel-widget-style-for-542-1-0-0\" ><\/div><\/div><\/div><div id=\"pgc-542-1-1\"  class=\"panel-grid-cell\" ><div id=\"panel-542-1-1-0\" class=\"so-panel widget widget_text panel-first-child panel-last-child\" data-index=\"4\" ><div class=\"panel-widget-style panel-widget-style-for-542-1-1-0\" >\t\t\t<div class=\"textwidget\"><p>Valor del curso USD 175<\/p>\n<\/div>\n\t\t<\/div><\/div><\/div><\/div><\/div><\/div><!-- AddThis Advanced Settings generic via filter on the_content --><!-- AddThis Share Buttons generic via filter on the_content -->","protected":false},"excerpt":{"rendered":"<p>\u00bfCu\u00e1l es la modalidad de los cursos? Los cursos de\u00a0Interpretaci\u00f3n de los Sue\u00f1os a distancia constan de 8 Clases en video. Cada clase dura 50min. aproximadamente. \u00bfC\u00f3mo recibo las clases? &#8211; Una vez contratado el curso dentro de las 24 hs. recibir\u00e1 en su tel\u00e9fono o por e-mail usuario y contrase\u00f1a para acceder a la [&hellip;]<!-- AddThis Advanced Settings generic via filter on get_the_excerpt --><!-- AddThis Share Buttons generic via filter on get_the_excerpt --><\/p>\n","protected":false},"author":1,"featured_media":0,"parent":0,"menu_order":0,"comment_status":"closed","ping_status":"closed","template":"","meta":{"footnotes":""},"class_list":["post-542","page","type-page","status-publish","hentry"],"_links":{"self":[{"href":"https:\/\/www.aztlan.org.ar\/cursosonline\/wp-json\/wp\/v2\/pages\/542","targetHints":{"allow":["GET"]}}],"collection":[{"href":"https:\/\/www.aztlan.org.ar\/cursosonline\/wp-json\/wp\/v2\/pages"}],"about":[{"href":"https:\/\/www.aztlan.org.ar\/cursosonline\/wp-json\/wp\/v2\/types\/page"}],"author":[{"embeddable":true,"href":"https:\/\/www.aztlan.org.ar\/cursosonline\/wp-json\/wp\/v2\/users\/1"}],"replies":[{"embeddable":true,"href":"https:\/\/www.aztlan.org.ar\/cursosonline\/wp-json\/wp\/v2\/comments?post=542"}],"version-history":[{"count":49,"href":"https:\/\/www.aztlan.org.ar\/cursosonline\/wp-json\/wp\/v2\/pages\/542\/revisions"}],"predecessor-version":[{"id":2337,"href":"https:\/\/www.aztlan.org.ar\/cursosonline\/wp-json\/wp\/v2\/pages\/542\/revisions\/2337"}],"wp:attachment":[{"href":"https:\/\/www.aztlan.org.ar\/cursosonline\/wp-json\/wp\/v2\/media?parent=542"}],"curies":[{"name":"wp","href":"https:\/\/api.w.org\/{rel}","templated":true}]}}