{"id":324,"date":"2017-07-10T04:20:57","date_gmt":"2017-07-10T04:20:57","guid":{"rendered":"http:\/\/localhost:8888\/cursos-online\/?page_id=324"},"modified":"2022-04-18T03:56:56","modified_gmt":"2022-04-18T03:56:56","slug":"psicologia-transpersonal","status":"publish","type":"page","link":"https:\/\/www.aztlan.org.ar\/cursosonline\/psicologia-transpersonal\/","title":{"rendered":"Psicolog\u00eda Transpersonal"},"content":{"rendered":"<div id=\"pl-324\"  class=\"panel-layout\" ><div id=\"pg-324-0\"  class=\"panel-grid panel-has-style\" ><div class=\"panel-row-style panel-row-style-for-324-0\" ><div id=\"pgc-324-0-0\"  class=\"panel-grid-cell\" ><div id=\"panel-324-0-0-0\" class=\"so-panel widget panel-first-child\" data-index=\"0\" ><\/div><div id=\"panel-324-0-0-1\" class=\"so-panel widget\" data-index=\"1\" ><\/div><div id=\"panel-324-0-0-2\" class=\"so-panel widget widget_text panel-last-child\" data-index=\"2\" >\t\t\t<div class=\"textwidget\"><div>\n<p>&nbsp;<\/p>\n<\/div>\n<div>\n<h3>\u00bfCu\u00e1l es la modalidad de los cursos?<\/h3>\n<p>Los cursos de Terapia Transpersonal a distancia constan de 12 Clases en video. Cada clase dura 50min. aproximadamente.<\/p>\n<\/div>\n<div>\n<h3>\u00bfC\u00f3mo recibo las clases?<\/h3>\n<p>&#8211; Una vez contratado el curso dentro de las 24 hs. recibir\u00e1 en su tel\u00e9fono o por e-mail usuario y contrase\u00f1a para acceder a la 1\u00b0 clase.<br \/>\n&#8211; La entrega de clases ser\u00e1 semanal. Cada 7 d\u00edas recibir\u00e1 y podr\u00e1 ver la siguiente clase.<br \/>\n&#8211; No se adelantar\u00e1n clases, entreg\u00e1ndose s\u00f3lo 1 clase semanal.<\/p>\n<\/div>\n<div>\n<h3>\u00bfC\u00f3mo es la relaci\u00f3n con el profesor tutor?<\/h3>\n<p>Se contactar\u00e1 v\u00eda e-mail con el profesor a cargo del curso, quien ser\u00e1 su profesor tutor y personalmente responder\u00e1 sus dudas.<\/p>\n<h3>\u00bfCu\u00e1l es el valor del curso?<\/h3>\n<p>U$S 450<\/p>\n<\/div>\n<div>\n<h3>\u00bfCu\u00e1les son los medio de pago disponibles?<\/h3>\n<ul>\n<li>Transferencia bancaria<\/li>\n<li>Dep\u00f3sito bancario<\/li>\n<li>Western Union<\/li>\n<li>Mercado Pago<\/li>\n<li>Pay Pal<\/li>\n<\/ul>\n<\/div>\n<h2><\/h2>\n<h2>Programa<\/h2>\n<ul class=\"unstyled\">\n<li>Psique: Alma-Totalidad. La concepci\u00f3n de la mente para Jung<\/li>\n<li>La Consciencia<\/li>\n<li>El Ego<\/li>\n<li>El Inconsciente Personal: complejos<\/li>\n<li>El Inconsciente Colectivo &#8211; Arquetipos: Personaje, \u00c1nima, \u00c1nimus, Sombra, Self<\/li>\n<li>L\u00edbido<\/li>\n<li>Valores Ps\u00edquicos<\/li>\n<li>La Intuici\u00f3n<\/li>\n<li>El Cuarto Camino<\/li>\n<li>Los Yoes<\/li>\n<li>Observaci\u00f3n se s\u00ed<\/li>\n<li>Recuerdo de s\u00ed. El yo real<\/li>\n<li>Los niveles de Consciencia<\/li>\n<li>Centro: Intelectual, Emocional, Vegetativo y Motriz<\/li>\n<li>Emociones negativas: Transformaci\u00f3n<\/li>\n<li>No Consideraci\u00f3n Interna &#8211; Consideraci\u00f3n Externa<\/li>\n<li>No Identificaci\u00f3n<\/li>\n<\/ul>\n<\/div>\n\t\t<\/div><\/div><\/div><\/div><div id=\"pg-324-1\"  class=\"panel-grid panel-has-style\" ><div class=\"panel-row-style panel-row-style-for-324-1\" ><div id=\"pgc-324-1-0\"  class=\"panel-grid-cell\" ><div id=\"panel-324-1-0-0\" class=\"so-panel widget panel-first-child panel-last-child\" data-index=\"3\" ><div class=\"panel-widget-style panel-widget-style-for-324-1-0-0\" ><\/div><\/div><\/div><div id=\"pgc-324-1-1\"  class=\"panel-grid-cell\" ><div id=\"panel-324-1-1-0\" class=\"so-panel widget widget_text panel-first-child panel-last-child\" data-index=\"4\" ><div class=\"panel-widget-style panel-widget-style-for-324-1-1-0\" >\t\t\t<div class=\"textwidget\"><p>Valor del curso USD 200<\/p>\n<\/div>\n\t\t<\/div><\/div><\/div><\/div><\/div><\/div><!-- AddThis Advanced Settings generic via filter on the_content --><!-- AddThis Share Buttons generic via filter on the_content -->","protected":false},"excerpt":{"rendered":"<p>&nbsp; \u00bfCu\u00e1l es la modalidad de los cursos? Los cursos de Terapia Transpersonal a distancia constan de 12 Clases en video. Cada clase dura 50min. aproximadamente. \u00bfC\u00f3mo recibo las clases? &#8211; Una vez contratado el curso dentro de las 24 hs. recibir\u00e1 en su tel\u00e9fono o por e-mail usuario y contrase\u00f1a para acceder a la [&hellip;]<!-- AddThis Advanced Settings generic via filter on get_the_excerpt --><!-- AddThis Share Buttons generic via filter on get_the_excerpt --><\/p>\n","protected":false},"author":1,"featured_media":0,"parent":0,"menu_order":0,"comment_status":"closed","ping_status":"closed","template":"","meta":{"footnotes":""},"class_list":["post-324","page","type-page","status-publish","hentry"],"_links":{"self":[{"href":"https:\/\/www.aztlan.org.ar\/cursosonline\/wp-json\/wp\/v2\/pages\/324","targetHints":{"allow":["GET"]}}],"collection":[{"href":"https:\/\/www.aztlan.org.ar\/cursosonline\/wp-json\/wp\/v2\/pages"}],"about":[{"href":"https:\/\/www.aztlan.org.ar\/cursosonline\/wp-json\/wp\/v2\/types\/page"}],"author":[{"embeddable":true,"href":"https:\/\/www.aztlan.org.ar\/cursosonline\/wp-json\/wp\/v2\/users\/1"}],"replies":[{"embeddable":true,"href":"https:\/\/www.aztlan.org.ar\/cursosonline\/wp-json\/wp\/v2\/comments?post=324"}],"version-history":[{"count":98,"href":"https:\/\/www.aztlan.org.ar\/cursosonline\/wp-json\/wp\/v2\/pages\/324\/revisions"}],"predecessor-version":[{"id":2193,"href":"https:\/\/www.aztlan.org.ar\/cursosonline\/wp-json\/wp\/v2\/pages\/324\/revisions\/2193"}],"wp:attachment":[{"href":"https:\/\/www.aztlan.org.ar\/cursosonline\/wp-json\/wp\/v2\/media?parent=324"}],"curies":[{"name":"wp","href":"https:\/\/api.w.org\/{rel}","templated":true}]}}