{"id":2270,"date":"2022-11-20T15:55:41","date_gmt":"2022-11-20T18:55:41","guid":{"rendered":"https:\/\/www.aztlan.org.ar\/cursosonline\/?page_id=2270"},"modified":"2022-11-22T00:08:22","modified_gmt":"2022-11-22T03:08:22","slug":"astrologia-horaria","status":"publish","type":"page","link":"https:\/\/www.aztlan.org.ar\/cursosonline\/astrologia-horaria\/","title":{"rendered":"Astrolog\u00eda Horaria"},"content":{"rendered":"<div id=\"pl-2270\"  class=\"panel-layout\" ><div id=\"pg-2270-0\"  class=\"panel-grid panel-has-style\" ><div class=\"panel-row-style panel-row-style-for-2270-0\" ><div id=\"pgc-2270-0-0\"  class=\"panel-grid-cell\" ><div id=\"panel-2270-0-0-0\" class=\"so-panel widget panel-first-child\" data-index=\"0\" ><\/div><div id=\"panel-2270-0-0-1\" class=\"so-panel widget panel-last-child\" data-index=\"1\" ><\/div><\/div><\/div><\/div><div id=\"pg-2270-1\"  class=\"panel-grid panel-no-style\" ><div id=\"pgc-2270-1-0\"  class=\"panel-grid-cell\" ><div id=\"panel-2270-1-0-0\" class=\"so-panel widget widget_text panel-first-child\" data-index=\"2\" >\t\t\t<div class=\"textwidget\"><div>\n<h3>\u00bfCu\u00e1l es la modalidad de los cursos?<\/h3>\n<p>Los cursos de Eneagrama a distancia constan de 16 Clases en video. Cada clase dura 50min. aproximadamente.<\/p>\n<\/div>\n<div>\n<h3>\u00bfC\u00f3mo recibo las clases?<\/h3>\n<p>Una vez contratado el curso dentro de las 24 hs. recibir\u00e1 en su tel\u00e9fono o por e-mail usuario y contrase\u00f1a para acceder a la 1\u00b0 clase.<br \/>\nLa entrega de clases ser\u00e1 semanal. Cada 7 d\u00edas recibir\u00e1 y podr\u00e1 ver la siguiente clase.<br \/>\nNo se adelantar\u00e1n clases, entreg\u00e1ndose s\u00f3lo 1 clase semanal.<\/p>\n<\/div>\n<div>\n<h3>\u00bfC\u00f3mo es la relaci\u00f3n con el profesor tutor?<\/h3>\n<p>Se contactar\u00e1 v\u00eda e-mail con el profesor a cargo del curso, quien ser\u00e1 su profesor tutor y personalmente responder\u00e1 sus dudas.<\/p>\n<h3>\u00bfCu\u00e1l es el valor del curso?<\/h3>\n<p>U$S 760<\/p>\n<\/div>\n<div>\n<h3>\u00bfCu\u00e1les son los medio de pago disponibles?<\/h3>\n<ul>\n<li>Transferencia bancaria<\/li>\n<li>Dep\u00f3sito bancario<\/li>\n<li>Western Union<\/li>\n<li>Mercado Pago<\/li>\n<li>PayPal<\/li>\n<\/ul>\n<\/div>\n<\/div>\n\t\t<\/div><div id=\"panel-2270-1-0-1\" class=\"so-panel widget widget_text panel-last-child\" data-index=\"3\" >\t\t\t<div class=\"textwidget\"><h2>Programa<\/h2>\n<ul class=\"unstyled\">\n<li>Introducci\u00f3n a la Astrolog\u00eda Horaria<\/li>\n<li>Casas y planetas en la Astrolog\u00eda Horaria<\/li>\n<li>El Juicio correcto previo al an\u00e1lisis. Significador, consultante y consultado.<\/li>\n<li>An\u00e1lisis de los aspectos para juzgar el \u00e9xito o fracaso de una situaci\u00f3n.<\/li>\n<li>Elegir el mejor momento; planetas que presentan obst\u00e1culos.<\/li>\n<li>Signos de salud y larga vida; momento de los acontecimientos; mejor momento de la vida.<\/li>\n<li>Elecci\u00f3n medios para alcanzar riqueza; mejores momentos y duraci\u00f3n de la riqueza.<\/li>\n<li>Acuerdos con hermanos; noticias; realizar un viaje corto o no.<\/li>\n<li>Si es conveniente compraventa de inmuebles y tierras o mudanza de casa o lugar.<\/li>\n<li>Posibilidad de tener hijos, desarrollo de un embarazo.<\/li>\n<li>Origen de una enfermedad, tiempo de recuperaci\u00f3n, d\u00edas cr\u00edticos.<\/li>\n<li>Posibilidades de matrimonio, obst\u00e1culos a la uni\u00f3n, fecha de la uni\u00f3n, felicidad de la pareja, asociaciones, pleitos y procesos.<\/li>\n<li>Sufrimientos y peligros, ayudas recibidas de la pareja.<\/li>\n<li>Resultados y duraci\u00f3n de viajes largos; beneficios a obtener de conocimientos que posea.<\/li>\n<li>Elecci\u00f3n de un puesto, mantener o dejar un puesto.<\/li>\n<li>Obtenci\u00f3n de logros anhelados, relaci\u00f3n con amigos.<\/li>\n<li>Identificar dificultades, posibilidad de reclusi\u00f3n.<\/li>\n<\/ul>\n<div class=\"col-xs-12 col-md-6\"><\/div>\n<\/div>\n\t\t<\/div><\/div><\/div><div id=\"pg-2270-2\"  class=\"panel-grid panel-no-style\" ><div id=\"pgc-2270-2-0\"  class=\"panel-grid-cell panel-grid-cell-mobile-last\" ><div id=\"panel-2270-2-0-0\" class=\"so-panel widget panel-first-child panel-last-child\" data-index=\"4\" ><div class=\"panel-widget-style panel-widget-style-for-2270-2-0-0\" ><\/div><\/div><\/div><div id=\"pgc-2270-2-1\"  class=\"panel-grid-cell panel-grid-cell-empty\" ><\/div><\/div><\/div><!-- AddThis Advanced Settings generic via filter on the_content --><!-- AddThis Share Buttons generic via filter on the_content -->","protected":false},"excerpt":{"rendered":"<p>\u00bfCu\u00e1l es la modalidad de los cursos? Los cursos de Eneagrama a distancia constan de 16 Clases en video. Cada clase dura 50min. aproximadamente. \u00bfC\u00f3mo recibo las clases? Una vez contratado el curso dentro de las 24 hs. recibir\u00e1 en su tel\u00e9fono o por e-mail usuario y contrase\u00f1a para acceder a la 1\u00b0 clase. La [&hellip;]<!-- AddThis Advanced Settings generic via filter on get_the_excerpt --><!-- AddThis Share Buttons generic via filter on get_the_excerpt --><\/p>\n","protected":false},"author":2,"featured_media":0,"parent":0,"menu_order":0,"comment_status":"closed","ping_status":"closed","template":"","meta":{"footnotes":""},"class_list":["post-2270","page","type-page","status-publish","hentry"],"_links":{"self":[{"href":"https:\/\/www.aztlan.org.ar\/cursosonline\/wp-json\/wp\/v2\/pages\/2270","targetHints":{"allow":["GET"]}}],"collection":[{"href":"https:\/\/www.aztlan.org.ar\/cursosonline\/wp-json\/wp\/v2\/pages"}],"about":[{"href":"https:\/\/www.aztlan.org.ar\/cursosonline\/wp-json\/wp\/v2\/types\/page"}],"author":[{"embeddable":true,"href":"https:\/\/www.aztlan.org.ar\/cursosonline\/wp-json\/wp\/v2\/users\/2"}],"replies":[{"embeddable":true,"href":"https:\/\/www.aztlan.org.ar\/cursosonline\/wp-json\/wp\/v2\/comments?post=2270"}],"version-history":[{"count":13,"href":"https:\/\/www.aztlan.org.ar\/cursosonline\/wp-json\/wp\/v2\/pages\/2270\/revisions"}],"predecessor-version":[{"id":2294,"href":"https:\/\/www.aztlan.org.ar\/cursosonline\/wp-json\/wp\/v2\/pages\/2270\/revisions\/2294"}],"wp:attachment":[{"href":"https:\/\/www.aztlan.org.ar\/cursosonline\/wp-json\/wp\/v2\/media?parent=2270"}],"curies":[{"name":"wp","href":"https:\/\/api.w.org\/{rel}","templated":true}]}}